{"id":212,"date":"2022-09-27T21:56:07","date_gmt":"2022-09-27T19:56:07","guid":{"rendered":"http:\/\/societe-api.fr\/?page_id=212"},"modified":"2023-07-24T22:36:27","modified_gmt":"2023-07-24T20:36:27","slug":"panneau-sandwich-toiture-veranda","status":"publish","type":"page","link":"https:\/\/societe-api.fr\/index.php\/panneau-sandwich-toiture-veranda\/","title":{"rendered":"Panneau sandwich toiture v\u00e9randa"},"content":{"rendered":"\n<div class=\"wp-block-columns is-layout-flex wp-container-core-columns-is-layout-9d6595d7 wp-block-columns-is-layout-flex\">\n<div class=\"wp-block-column is-layout-flow wp-block-column-is-layout-flow\"><div class=\"wp-block-image\">\n<figure class=\"aligncenter size-full is-resized\"><img loading=\"lazy\" decoding=\"async\" src=\"https:\/\/societe-api.fr\/wp-content\/uploads\/2023\/02\/panneau-sandwich-veranda-aluminium-salon-interieur-vue-jardin-societe-api-1.jpg\" alt=\"\" class=\"wp-image-380\" width=\"496\" height=\"331\" srcset=\"https:\/\/societe-api.fr\/wp-content\/uploads\/2023\/02\/panneau-sandwich-veranda-aluminium-salon-interieur-vue-jardin-societe-api-1.jpg 600w, https:\/\/societe-api.fr\/wp-content\/uploads\/2023\/02\/panneau-sandwich-veranda-aluminium-salon-interieur-vue-jardin-societe-api-1-300x201.jpg 300w\" sizes=\"auto, (max-width: 496px) 100vw, 496px\" \/><\/figure>\n<\/div><\/div>\n<\/div>\n\n\n\n<p>API &#8211; L\u2019Atelier du Panneau Isolant propose une <strong>gamme de panneau sandwich v\u00e9randa isolant<\/strong> qui r\u00e9pond aux plus hauts standards de qualit\u00e9.<\/p>\n\n\n\n<p>Nos <strong>panneaux sandwich en aluminium pour toiture de v\u00e9randa<\/strong> permettent aux industriels et poseurs de r\u00e9pondre \u00e0 tous les projets selon leur technicit\u00e9 :<\/p>\n\n\n\n<ul class=\"wp-block-list\">\n<li>Pose classique entre chevrons,<\/li>\n<\/ul>\n\n\n\n<ul class=\"wp-block-list\">\n<li>Montage en solution autoportante.<\/li>\n<\/ul>\n\n\n\n<h2 class=\"wp-block-heading has-text-color has-larger-font-size\" style=\"color:#ee7d2a\">Les panneaux sandwich v\u00e9randa API s&rsquo;adaptent \u00e0 tous les projets<\/h2>\n\n\n\n<p>Les composants des <strong>panneaux sandwich toiture v\u00e9randa API <\/strong>garantissent le confort et l\u2019esth\u00e9tique de l\u2019extension en harmonie avec l\u2019habitation principale.<\/p>\n\n\n\n<p>Nos panneaux sont compos\u00e9s de <strong>deux t\u00f4les aluminium pr\u00e9laqu\u00e9es coll\u00e9es en continu<\/strong> avec une colle polyur\u00e9thane mono-composant sur une \u00e2me isolante en polystyr\u00e8ne extrud\u00e9 de haute densit\u00e9.<\/p>\n\n\n\n<div class=\"wp-block-columns is-layout-flex wp-container-core-columns-is-layout-9d6595d7 wp-block-columns-is-layout-flex\">\n<div class=\"wp-block-column is-layout-flow wp-block-column-is-layout-flow\">\n<h3 class=\"wp-block-heading has-text-align-center has-text-color\" style=\"color:#1d70b7\">Pour montage entre chevrons<\/h3>\n\n\n<\/div>\n\n\n\n<div class=\"wp-block-column is-layout-flow wp-block-column-is-layout-flow\">\n<h3 class=\"wp-block-heading has-text-align-center has-text-color\" style=\"color:#1d70b7\">Pour montage en auto-portant<\/h3>\n\n\n<\/div>\n<\/div>\n\n\n\n<h2 class=\"wp-block-heading has-text-color\" style=\"color:#ee7d2a\">Les caract\u00e9ristiques techniques du panneau sandwich pour v\u00e9randa<\/h2>\n\n\n\n<p><strong>L\u2019assemblage du panneau sandwich toiture v\u00e9randa API<\/strong> sur une ligne de collage PU en continu assure :<\/p>\n\n\n\n<ul class=\"wp-block-list\">\n<li>Une tr\u00e8s bonne rigidit\u00e9 m\u00e9canique de l\u2019ensemble,<\/li>\n\n\n\n<li>Un coefficient d\u2019isolation thermique optimale gr\u00e2ce au polystyr\u00e8ne extrud\u00e9 (<strong>\u03bb<\/strong> = 0,028).<\/li>\n<\/ul>\n\n\n\n<div class=\"wp-block-group\"><div class=\"wp-block-group__inner-container is-layout-constrained wp-block-group-is-layout-constrained\">\n<figure class=\"wp-block-table is-style-stripes has-small-font-size\"><table><thead><tr><th><\/th><th>Entre chevrons<\/th><th>Auto-portant<\/th><\/tr><\/thead><tbody><tr><td>Epaisseur des panneaux<\/td><td>16 mm, 32 mm, 55 mm, <br>65 mm, 68 mm, 85 mm<br>autre sur demande<\/td><td>55 mm, 65 mm , 85 mm<\/td><\/tr><tr><td>Epaisseur des parements aluminium laqu\u00e9 film\u00e9<\/td><td>0,8 mm<\/td><td>0,8 mm<\/td><\/tr><tr><td>Isolant polystyr\u00e8ne extrud\u00e9 XPS<\/td><td>Oui<\/td><td>Oui<\/td><\/tr><tr><td>Films de protection<\/td><td>70 microns. \/ anti UV<\/td><td>70 microns. \/ anti UV<\/td><\/tr><tr><td>Dimensions largeur<\/td><td>1200 mm<\/td><td>1200 mm<\/td><\/tr><tr><td>Dimensions longueur<\/td><td>2500 \u00e0 7500 mm par tranches de 500 mm<\/td><td>2500 \u00e0 7500 mm par tranches de 500 mm<\/td><\/tr><tr><td>Coloris standards<\/td><td>Blanc pur &#8211; RAL 9010S<br>Ardoise &#8211; RAL 7024S<br>Tuile &#8211; RAL 8004S<\/td><td>Blanc pur &#8211; RAL 9010S<br>Ardoise &#8211; RAL 7024S<br>Tuile &#8211; RAL 8004S<\/td><\/tr><tr><td>Classement feu<\/td><td>M1<\/td><td>M1<\/td><\/tr><\/tbody><\/table><\/figure>\n<\/div><\/div>\n\n\n\n<div class=\"wp-block-buttons is-layout-flex wp-block-buttons-is-layout-flex\">\n<div class=\"wp-block-button aligncenter\"><a class=\"wp-block-button__link has-background wp-element-button\" href=\"https:\/\/societe-api.fr\/index.php\/nous-contacter\/\" style=\"background-color:#1d70b7\">Contactez-nous pour obtenir plus d&rsquo;informations<\/a><\/div>\n<\/div>\n\n\n<div class=\"wp-block-image\">\n<figure class=\"aligncenter size-large is-resized\"><img loading=\"lazy\" decoding=\"async\" src=\"https:\/\/societe-api.fr\/wp-content\/uploads\/2023\/07\/DSC_1538_image-veranda-1-1-1024x684.jpg\" alt=\"Une v\u00e9randa\" class=\"wp-image-403\" width=\"471\" height=\"315\" srcset=\"https:\/\/societe-api.fr\/wp-content\/uploads\/2023\/07\/DSC_1538_image-veranda-1-1-1024x684.jpg 1024w, https:\/\/societe-api.fr\/wp-content\/uploads\/2023\/07\/DSC_1538_image-veranda-1-1-300x200.jpg 300w, https:\/\/societe-api.fr\/wp-content\/uploads\/2023\/07\/DSC_1538_image-veranda-1-1-768x513.jpg 768w, https:\/\/societe-api.fr\/wp-content\/uploads\/2023\/07\/DSC_1538_image-veranda-1-1-1536x1025.jpg 1536w, https:\/\/societe-api.fr\/wp-content\/uploads\/2023\/07\/DSC_1538_image-veranda-1-1-2048x1367.jpg 2048w, https:\/\/societe-api.fr\/wp-content\/uploads\/2023\/07\/DSC_1538_image-veranda-1-1-870x581.jpg 870w, https:\/\/societe-api.fr\/wp-content\/uploads\/2023\/07\/DSC_1538_image-veranda-1-1-1860x1242.jpg 1860w\" sizes=\"auto, (max-width: 471px) 100vw, 471px\" \/><\/figure>\n<\/div>\n\n\n<h2 class=\"wp-block-heading has-text-color\" style=\"color:#ee7d2a\">Les avantages du panneau sandwich toiture v\u00e9randa API<\/h2>\n\n\n\n<h3 class=\"wp-block-heading has-text-color\" style=\"color:#1d70b7\">Durabilit\u00e9 &amp; design<\/h3>\n\n\n\n<div class=\"wp-block-columns is-layout-flex wp-container-core-columns-is-layout-9d6595d7 wp-block-columns-is-layout-flex\">\n<div class=\"wp-block-column is-layout-flow wp-block-column-is-layout-flow\" style=\"flex-basis:33.33%\"><div class=\"wp-block-image\">\n<figure class=\"aligncenter size-full is-resized\"><img loading=\"lazy\" decoding=\"async\" src=\"https:\/\/societe-api.fr\/wp-content\/uploads\/2023\/07\/chaine.png\" alt=\"\" class=\"wp-image-404\" width=\"157\" height=\"157\" srcset=\"https:\/\/societe-api.fr\/wp-content\/uploads\/2023\/07\/chaine.png 512w, https:\/\/societe-api.fr\/wp-content\/uploads\/2023\/07\/chaine-300x300.png 300w, https:\/\/societe-api.fr\/wp-content\/uploads\/2023\/07\/chaine-150x150.png 150w\" sizes=\"auto, (max-width: 157px) 100vw, 157px\" \/><\/figure>\n<\/div><\/div>\n\n\n\n<div class=\"wp-block-column is-layout-flow wp-block-column-is-layout-flow\" style=\"flex-basis:66.66%\">\n<ul class=\"wp-block-list\">\n<li>L\u2019aluminium est un mat\u00e9riau durable et de qualit\u00e9, r\u00e9sistant aux agressions ext\u00e9rieures et \u00e0 la corrosion.<\/li>\n\n\n\n<li>Entretien tr\u00e8s facile : nettoyage \u00e0 l\u2019eau.<\/li>\n\n\n\n<li>Teintes en harmonie avec l\u2019habitation existante.<\/li>\n\n\n\n<li>Rendu uniforme de la toiture en montage auto-portant.<\/li>\n<\/ul>\n<\/div>\n<\/div>\n\n\n\n<h3 class=\"wp-block-heading has-text-color\" style=\"color:#1d70b7\">Isolation thermique<\/h3>\n\n\n\n<div class=\"wp-block-columns is-layout-flex wp-container-core-columns-is-layout-9d6595d7 wp-block-columns-is-layout-flex\">\n<div class=\"wp-block-column is-layout-flow wp-block-column-is-layout-flow\" style=\"flex-basis:66.66%\">\n<ul class=\"wp-block-list\">\n<li>L\u2019\u00e2me en polystyr\u00e8ne extrud\u00e9 garantit une excellente isolation thermique.<\/li>\n\n\n\n<li>Evite les d\u00e9perditions thermiques par le toit de la v\u00e9randa.<\/li>\n<\/ul>\n<\/div>\n\n\n\n<div class=\"wp-block-column is-layout-flow wp-block-column-is-layout-flow\" style=\"flex-basis:33.33%\">\n<figure class=\"wp-block-image size-full is-resized\"><img loading=\"lazy\" decoding=\"async\" src=\"https:\/\/societe-api.fr\/wp-content\/uploads\/2023\/07\/thermique.png\" alt=\"\" class=\"wp-image-446\" width=\"229\" height=\"229\" srcset=\"https:\/\/societe-api.fr\/wp-content\/uploads\/2023\/07\/thermique.png 512w, https:\/\/societe-api.fr\/wp-content\/uploads\/2023\/07\/thermique-300x300.png 300w, https:\/\/societe-api.fr\/wp-content\/uploads\/2023\/07\/thermique-150x150.png 150w\" sizes=\"auto, (max-width: 229px) 100vw, 229px\" \/><\/figure>\n<\/div>\n<\/div>\n\n\n\n<h3 class=\"wp-block-heading has-text-color\" style=\"color:#1d70b7\">Productivit\u00e9<\/h3>\n\n\n\n<div class=\"wp-block-columns is-layout-flex wp-container-core-columns-is-layout-9d6595d7 wp-block-columns-is-layout-flex\">\n<div class=\"wp-block-column is-layout-flow wp-block-column-is-layout-flow\" style=\"flex-basis:33.33%\">\n<figure class=\"wp-block-image size-full\"><img loading=\"lazy\" decoding=\"async\" width=\"512\" height=\"512\" src=\"https:\/\/societe-api.fr\/wp-content\/uploads\/2023\/07\/productivite-1.png\" alt=\"\" class=\"wp-image-449\" srcset=\"https:\/\/societe-api.fr\/wp-content\/uploads\/2023\/07\/productivite-1.png 512w, https:\/\/societe-api.fr\/wp-content\/uploads\/2023\/07\/productivite-1-300x300.png 300w, https:\/\/societe-api.fr\/wp-content\/uploads\/2023\/07\/productivite-1-150x150.png 150w\" sizes=\"auto, (max-width: 512px) 100vw, 512px\" \/><\/figure>\n<\/div>\n\n\n\n<div class=\"wp-block-column is-layout-flow wp-block-column-is-layout-flow\" style=\"flex-basis:66.66%\">\n<ul class=\"wp-block-list\">\n<li>Le panneau API se d\u00e9coupe facilement avec les outils standards.<\/li>\n\n\n\n<li>Rapidit\u00e9 de montage, sans intervention par l\u2019ext\u00e9rieur en montage auto-portant.<\/li>\n<\/ul>\n<\/div>\n<\/div>\n\n\n\n<h2 class=\"wp-block-heading has-text-color\" style=\"color:#ee7d2a\">Contactez nos \u00e9quipes pour en savoir plus<\/h2>\n\n\n\n<p>Vous souhaitez recevoir plus d&rsquo;informations sur nos panneaux sandwich toiture v\u00e9randa ou \u00eatre recontact\u00e9 par notre \u00e9quipe ? <\/p>\n\n\n\n<div class=\"wp-block-buttons is-layout-flex wp-block-buttons-is-layout-flex\">\n<div class=\"wp-block-button aligncenter\"><a class=\"wp-block-button__link has-background wp-element-button\" href=\"http:\/\/societe-api.fr\/index.php\/nous-contacter\/\" style=\"background-color:#1d70b7\">Obtenez votre devis personnalis\u00e9<\/a><\/div>\n<\/div>\n\n\n\n<h2 class=\"wp-block-heading has-text-color\" style=\"color:#ee7d2a\">D\u00e9couvrez nos autres produits pour l&rsquo;habitat<\/h2>\n\n\n\n<div class=\"wp-block-columns is-layout-flex wp-container-core-columns-is-layout-9d6595d7 wp-block-columns-is-layout-flex\">\n<div class=\"wp-block-column is-layout-flow wp-block-column-is-layout-flow\">\n<h3 class=\"wp-block-heading has-text-align-center has-text-color\" style=\"color:#1d70b7\"><a href=\"https:\/\/societe-api.fr\/index.php\/volet-aluminium\/\">Volets en aluminium<\/a><\/h3>\n\n\n\n<figure class=\"wp-block-image size-large\"><a href=\"https:\/\/societe-api.fr\/index.php\/volet-aluminium\/\"><img loading=\"lazy\" decoding=\"async\" width=\"2560\" height=\"2560\" src=\"https:\/\/societe-api.fr\/wp-content\/uploads\/2023\/07\/pexels-steve-johnson-845242-edited-scaled.jpg\" alt=\"\" class=\"wp-image-451\" srcset=\"https:\/\/societe-api.fr\/wp-content\/uploads\/2023\/07\/pexels-steve-johnson-845242-edited-scaled.jpg 2560w, https:\/\/societe-api.fr\/wp-content\/uploads\/2023\/07\/pexels-steve-johnson-845242-edited-300x300.jpg 300w, https:\/\/societe-api.fr\/wp-content\/uploads\/2023\/07\/pexels-steve-johnson-845242-edited-1024x1024.jpg 1024w, https:\/\/societe-api.fr\/wp-content\/uploads\/2023\/07\/pexels-steve-johnson-845242-edited-150x150.jpg 150w, https:\/\/societe-api.fr\/wp-content\/uploads\/2023\/07\/pexels-steve-johnson-845242-edited-768x768.jpg 768w, https:\/\/societe-api.fr\/wp-content\/uploads\/2023\/07\/pexels-steve-johnson-845242-edited-1536x1536.jpg 1536w, https:\/\/societe-api.fr\/wp-content\/uploads\/2023\/07\/pexels-steve-johnson-845242-edited-2048x2048.jpg 2048w, https:\/\/societe-api.fr\/wp-content\/uploads\/2023\/07\/pexels-steve-johnson-845242-edited-870x869.jpg 870w, https:\/\/societe-api.fr\/wp-content\/uploads\/2023\/07\/pexels-steve-johnson-845242-edited-1860x1859.jpg 1860w\" sizes=\"auto, (max-width: 2560px) 100vw, 2560px\" \/><\/a><\/figure>\n<\/div>\n\n\n\n<div class=\"wp-block-column is-layout-flow wp-block-column-is-layout-flow\">\n<h3 class=\"wp-block-heading has-text-align-center has-text-color\" style=\"color:#1d70b7\"><a href=\"https:\/\/societe-api.fr\/index.php\/panneau-sandwich-pour-remplissage-de-menuiserie\/\">Panneaux menuiserie<\/a><\/h3>\n\n\n\n<figure class=\"wp-block-image size-full\"><a href=\"https:\/\/societe-api.fr\/index.php\/panneau-sandwich-pour-remplissage-de-menuiserie\/\"><img loading=\"lazy\" decoding=\"async\" width=\"878\" height=\"877\" src=\"https:\/\/societe-api.fr\/wp-content\/uploads\/2023\/07\/house-2609484_1280-edited.jpg\" alt=\"\" class=\"wp-image-393\" srcset=\"https:\/\/societe-api.fr\/wp-content\/uploads\/2023\/07\/house-2609484_1280-edited.jpg 878w, https:\/\/societe-api.fr\/wp-content\/uploads\/2023\/07\/house-2609484_1280-edited-300x300.jpg 300w, https:\/\/societe-api.fr\/wp-content\/uploads\/2023\/07\/house-2609484_1280-edited-150x150.jpg 150w, https:\/\/societe-api.fr\/wp-content\/uploads\/2023\/07\/house-2609484_1280-edited-768x767.jpg 768w, https:\/\/societe-api.fr\/wp-content\/uploads\/2023\/07\/house-2609484_1280-edited-870x869.jpg 870w\" sizes=\"auto, (max-width: 878px) 100vw, 878px\" \/><\/a><\/figure>\n<\/div>\n<\/div>\n","protected":false},"excerpt":{"rendered":"<p>API &#8211; L\u2019Atelier du Panneau Isolant propose une gamme de panneau sandwich v\u00e9randa isolant qui r\u00e9pond aux plus hauts standards de qualit\u00e9. Nos panneaux sandwich en aluminium pour toiture de v\u00e9randa permettent aux industriels et poseurs de r\u00e9pondre \u00e0 tous les projets selon leur technicit\u00e9 : Les panneaux sandwich v\u00e9randa API s&rsquo;adaptent \u00e0 tous les [&hellip;]<\/p>\n","protected":false},"author":1,"featured_media":0,"parent":0,"menu_order":0,"comment_status":"closed","ping_status":"closed","template":"","meta":{"footnotes":""},"class_list":["post-212","page","type-page","status-publish","hentry","missing-thumbnail"],"yoast_head":"<!-- This site is optimized with the Yoast SEO plugin v27.4 - https:\/\/yoast.com\/product\/yoast-seo-wordpress\/ -->\n<title>Panneau sandwich toiture v\u00e9randa en aluminium - Soci\u00e9t\u00e9 API<\/title>\n<meta name=\"description\" content=\"D\u00e9couvrez le panneau sandwich toiture v\u00e9randa con\u00e7u par API : le produit id\u00e9al pour concevoir votre nouvelle pi\u00e8ce de vie.\" \/>\n<meta name=\"robots\" content=\"index, follow, max-snippet:-1, max-image-preview:large, max-video-preview:-1\" \/>\n<link rel=\"canonical\" href=\"https:\/\/societe-api.fr\/index.php\/panneau-sandwich-toiture-veranda\/\" \/>\n<meta property=\"og:locale\" content=\"fr_FR\" \/>\n<meta property=\"og:type\" content=\"article\" \/>\n<meta property=\"og:title\" content=\"Panneau sandwich toiture v\u00e9randa en aluminium - Soci\u00e9t\u00e9 API\" \/>\n<meta property=\"og:description\" content=\"D\u00e9couvrez le panneau sandwich toiture v\u00e9randa con\u00e7u par API : le produit id\u00e9al pour concevoir votre nouvelle pi\u00e8ce de vie.\" \/>\n<meta property=\"og:url\" content=\"https:\/\/societe-api.fr\/index.php\/panneau-sandwich-toiture-veranda\/\" \/>\n<meta property=\"og:site_name\" content=\"L&#039;Atelier du Panneau Isolant\" \/>\n<meta property=\"article:modified_time\" content=\"2023-07-24T20:36:27+00:00\" \/>\n<meta property=\"og:image\" content=\"https:\/\/societe-api.fr\/wp-content\/uploads\/2023\/02\/panneau-sandwich-veranda-aluminium-salon-interieur-vue-jardin-societe-api-1.jpg\" \/>\n<meta name=\"twitter:card\" content=\"summary_large_image\" \/>\n<meta name=\"twitter:label1\" content=\"Dur\u00e9e de lecture estim\u00e9e\" \/>\n\t<meta name=\"twitter:data1\" content=\"4 minutes\" \/>\n<script type=\"application\/ld+json\" class=\"yoast-schema-graph\">{\"@context\":\"https:\\\/\\\/schema.org\",\"@graph\":[{\"@type\":\"WebPage\",\"@id\":\"https:\\\/\\\/societe-api.fr\\\/index.php\\\/panneau-sandwich-toiture-veranda\\\/\",\"url\":\"https:\\\/\\\/societe-api.fr\\\/index.php\\\/panneau-sandwich-toiture-veranda\\\/\",\"name\":\"Panneau sandwich toiture v\u00e9randa en aluminium - Soci\u00e9t\u00e9 API\",\"isPartOf\":{\"@id\":\"https:\\\/\\\/societe-api.fr\\\/#website\"},\"primaryImageOfPage\":{\"@id\":\"https:\\\/\\\/societe-api.fr\\\/index.php\\\/panneau-sandwich-toiture-veranda\\\/#primaryimage\"},\"image\":{\"@id\":\"https:\\\/\\\/societe-api.fr\\\/index.php\\\/panneau-sandwich-toiture-veranda\\\/#primaryimage\"},\"thumbnailUrl\":\"https:\\\/\\\/societe-api.fr\\\/wp-content\\\/uploads\\\/2023\\\/02\\\/panneau-sandwich-veranda-aluminium-salon-interieur-vue-jardin-societe-api-1.jpg\",\"datePublished\":\"2022-09-27T19:56:07+00:00\",\"dateModified\":\"2023-07-24T20:36:27+00:00\",\"description\":\"D\u00e9couvrez le panneau sandwich toiture v\u00e9randa con\u00e7u par API : le produit id\u00e9al pour concevoir votre nouvelle pi\u00e8ce de vie.\",\"breadcrumb\":{\"@id\":\"https:\\\/\\\/societe-api.fr\\\/index.php\\\/panneau-sandwich-toiture-veranda\\\/#breadcrumb\"},\"inLanguage\":\"fr-FR\",\"potentialAction\":[{\"@type\":\"ReadAction\",\"target\":[\"https:\\\/\\\/societe-api.fr\\\/index.php\\\/panneau-sandwich-toiture-veranda\\\/\"]}]},{\"@type\":\"ImageObject\",\"inLanguage\":\"fr-FR\",\"@id\":\"https:\\\/\\\/societe-api.fr\\\/index.php\\\/panneau-sandwich-toiture-veranda\\\/#primaryimage\",\"url\":\"https:\\\/\\\/societe-api.fr\\\/wp-content\\\/uploads\\\/2023\\\/02\\\/panneau-sandwich-veranda-aluminium-salon-interieur-vue-jardin-societe-api-1.jpg\",\"contentUrl\":\"https:\\\/\\\/societe-api.fr\\\/wp-content\\\/uploads\\\/2023\\\/02\\\/panneau-sandwich-veranda-aluminium-salon-interieur-vue-jardin-societe-api-1.jpg\",\"width\":600,\"height\":401},{\"@type\":\"BreadcrumbList\",\"@id\":\"https:\\\/\\\/societe-api.fr\\\/index.php\\\/panneau-sandwich-toiture-veranda\\\/#breadcrumb\",\"itemListElement\":[{\"@type\":\"ListItem\",\"position\":1,\"name\":\"Accueil\",\"item\":\"https:\\\/\\\/societe-api.fr\\\/\"},{\"@type\":\"ListItem\",\"position\":2,\"name\":\"Panneau sandwich toiture v\u00e9randa\"}]},{\"@type\":\"WebSite\",\"@id\":\"https:\\\/\\\/societe-api.fr\\\/#website\",\"url\":\"https:\\\/\\\/societe-api.fr\\\/\",\"name\":\"L&#039;Atelier du Panneau Isolant\",\"description\":\"\",\"publisher\":{\"@id\":\"https:\\\/\\\/societe-api.fr\\\/#organization\"},\"potentialAction\":[{\"@type\":\"SearchAction\",\"target\":{\"@type\":\"EntryPoint\",\"urlTemplate\":\"https:\\\/\\\/societe-api.fr\\\/?s={search_term_string}\"},\"query-input\":{\"@type\":\"PropertyValueSpecification\",\"valueRequired\":true,\"valueName\":\"search_term_string\"}}],\"inLanguage\":\"fr-FR\"},{\"@type\":\"Organization\",\"@id\":\"https:\\\/\\\/societe-api.fr\\\/#organization\",\"name\":\"L&#039;Atelier du Panneau Isolant\",\"url\":\"https:\\\/\\\/societe-api.fr\\\/\",\"logo\":{\"@type\":\"ImageObject\",\"inLanguage\":\"fr-FR\",\"@id\":\"https:\\\/\\\/societe-api.fr\\\/#\\\/schema\\\/logo\\\/image\\\/\",\"url\":\"https:\\\/\\\/societe-api.fr\\\/wp-content\\\/uploads\\\/2022\\\/05\\\/cropped-LOGO-API-HD-01-1.jpg\",\"contentUrl\":\"https:\\\/\\\/societe-api.fr\\\/wp-content\\\/uploads\\\/2022\\\/05\\\/cropped-LOGO-API-HD-01-1.jpg\",\"width\":255,\"height\":125,\"caption\":\"L&#039;Atelier du Panneau Isolant\"},\"image\":{\"@id\":\"https:\\\/\\\/societe-api.fr\\\/#\\\/schema\\\/logo\\\/image\\\/\"}}]}<\/script>\n<!-- \/ Yoast SEO plugin. -->","yoast_head_json":{"title":"Panneau sandwich toiture v\u00e9randa en aluminium - Soci\u00e9t\u00e9 API","description":"D\u00e9couvrez le panneau sandwich toiture v\u00e9randa con\u00e7u par API : le produit id\u00e9al pour concevoir votre nouvelle pi\u00e8ce de vie.","robots":{"index":"index","follow":"follow","max-snippet":"max-snippet:-1","max-image-preview":"max-image-preview:large","max-video-preview":"max-video-preview:-1"},"canonical":"https:\/\/societe-api.fr\/index.php\/panneau-sandwich-toiture-veranda\/","og_locale":"fr_FR","og_type":"article","og_title":"Panneau sandwich toiture v\u00e9randa en aluminium - Soci\u00e9t\u00e9 API","og_description":"D\u00e9couvrez le panneau sandwich toiture v\u00e9randa con\u00e7u par API : le produit id\u00e9al pour concevoir votre nouvelle pi\u00e8ce de vie.","og_url":"https:\/\/societe-api.fr\/index.php\/panneau-sandwich-toiture-veranda\/","og_site_name":"L&#039;Atelier du Panneau Isolant","article_modified_time":"2023-07-24T20:36:27+00:00","og_image":[{"url":"https:\/\/societe-api.fr\/wp-content\/uploads\/2023\/02\/panneau-sandwich-veranda-aluminium-salon-interieur-vue-jardin-societe-api-1.jpg","type":"","width":"","height":""}],"twitter_card":"summary_large_image","twitter_misc":{"Dur\u00e9e de lecture estim\u00e9e":"4 minutes"},"schema":{"@context":"https:\/\/schema.org","@graph":[{"@type":"WebPage","@id":"https:\/\/societe-api.fr\/index.php\/panneau-sandwich-toiture-veranda\/","url":"https:\/\/societe-api.fr\/index.php\/panneau-sandwich-toiture-veranda\/","name":"Panneau sandwich toiture v\u00e9randa en aluminium - Soci\u00e9t\u00e9 API","isPartOf":{"@id":"https:\/\/societe-api.fr\/#website"},"primaryImageOfPage":{"@id":"https:\/\/societe-api.fr\/index.php\/panneau-sandwich-toiture-veranda\/#primaryimage"},"image":{"@id":"https:\/\/societe-api.fr\/index.php\/panneau-sandwich-toiture-veranda\/#primaryimage"},"thumbnailUrl":"https:\/\/societe-api.fr\/wp-content\/uploads\/2023\/02\/panneau-sandwich-veranda-aluminium-salon-interieur-vue-jardin-societe-api-1.jpg","datePublished":"2022-09-27T19:56:07+00:00","dateModified":"2023-07-24T20:36:27+00:00","description":"D\u00e9couvrez le panneau sandwich toiture v\u00e9randa con\u00e7u par API : le produit id\u00e9al pour concevoir votre nouvelle pi\u00e8ce de vie.","breadcrumb":{"@id":"https:\/\/societe-api.fr\/index.php\/panneau-sandwich-toiture-veranda\/#breadcrumb"},"inLanguage":"fr-FR","potentialAction":[{"@type":"ReadAction","target":["https:\/\/societe-api.fr\/index.php\/panneau-sandwich-toiture-veranda\/"]}]},{"@type":"ImageObject","inLanguage":"fr-FR","@id":"https:\/\/societe-api.fr\/index.php\/panneau-sandwich-toiture-veranda\/#primaryimage","url":"https:\/\/societe-api.fr\/wp-content\/uploads\/2023\/02\/panneau-sandwich-veranda-aluminium-salon-interieur-vue-jardin-societe-api-1.jpg","contentUrl":"https:\/\/societe-api.fr\/wp-content\/uploads\/2023\/02\/panneau-sandwich-veranda-aluminium-salon-interieur-vue-jardin-societe-api-1.jpg","width":600,"height":401},{"@type":"BreadcrumbList","@id":"https:\/\/societe-api.fr\/index.php\/panneau-sandwich-toiture-veranda\/#breadcrumb","itemListElement":[{"@type":"ListItem","position":1,"name":"Accueil","item":"https:\/\/societe-api.fr\/"},{"@type":"ListItem","position":2,"name":"Panneau sandwich toiture v\u00e9randa"}]},{"@type":"WebSite","@id":"https:\/\/societe-api.fr\/#website","url":"https:\/\/societe-api.fr\/","name":"L&#039;Atelier du Panneau Isolant","description":"","publisher":{"@id":"https:\/\/societe-api.fr\/#organization"},"potentialAction":[{"@type":"SearchAction","target":{"@type":"EntryPoint","urlTemplate":"https:\/\/societe-api.fr\/?s={search_term_string}"},"query-input":{"@type":"PropertyValueSpecification","valueRequired":true,"valueName":"search_term_string"}}],"inLanguage":"fr-FR"},{"@type":"Organization","@id":"https:\/\/societe-api.fr\/#organization","name":"L&#039;Atelier du Panneau Isolant","url":"https:\/\/societe-api.fr\/","logo":{"@type":"ImageObject","inLanguage":"fr-FR","@id":"https:\/\/societe-api.fr\/#\/schema\/logo\/image\/","url":"https:\/\/societe-api.fr\/wp-content\/uploads\/2022\/05\/cropped-LOGO-API-HD-01-1.jpg","contentUrl":"https:\/\/societe-api.fr\/wp-content\/uploads\/2022\/05\/cropped-LOGO-API-HD-01-1.jpg","width":255,"height":125,"caption":"L&#039;Atelier du Panneau Isolant"},"image":{"@id":"https:\/\/societe-api.fr\/#\/schema\/logo\/image\/"}}]}},"_links":{"self":[{"href":"https:\/\/societe-api.fr\/index.php\/wp-json\/wp\/v2\/pages\/212","targetHints":{"allow":["GET"]}}],"collection":[{"href":"https:\/\/societe-api.fr\/index.php\/wp-json\/wp\/v2\/pages"}],"about":[{"href":"https:\/\/societe-api.fr\/index.php\/wp-json\/wp\/v2\/types\/page"}],"author":[{"embeddable":true,"href":"https:\/\/societe-api.fr\/index.php\/wp-json\/wp\/v2\/users\/1"}],"replies":[{"embeddable":true,"href":"https:\/\/societe-api.fr\/index.php\/wp-json\/wp\/v2\/comments?post=212"}],"version-history":[{"count":22,"href":"https:\/\/societe-api.fr\/index.php\/wp-json\/wp\/v2\/pages\/212\/revisions"}],"predecessor-version":[{"id":484,"href":"https:\/\/societe-api.fr\/index.php\/wp-json\/wp\/v2\/pages\/212\/revisions\/484"}],"wp:attachment":[{"href":"https:\/\/societe-api.fr\/index.php\/wp-json\/wp\/v2\/media?parent=212"}],"curies":[{"name":"wp","href":"https:\/\/api.w.org\/{rel}","templated":true}]}}